{"id":3982,"date":"2019-07-08T12:42:06","date_gmt":"2019-07-08T17:42:06","guid":{"rendered":"http:\/\/tecnimport.com.pe\/web\/productos\/rocol\/sapphire-hi-temp-2-grasa-altas-temperaturas\/"},"modified":"2025-03-13T10:48:38","modified_gmt":"2025-03-13T15:48:38","slug":"sapphire-hi-temp-2-grasa-altas-temperaturas","status":"publish","type":"product","link":"https:\/\/tecnimport.com.pe\/web\/productos\/rocol-peru\/sapphire-hi-temp-2-grasa-altas-temperaturas\/","title":{"rendered":"Rocol Sapphire Hi-Temp 2 | Grasa Altas Temperaturas"},"content":{"rendered":"","protected":false},"excerpt":{"rendered":"<h2><strong>ROCOL SAPPIRE HI-TEMP 2<\/strong><\/h2>\n<h3><strong>Grasa para Altas y Bajas Temperaturas<\/strong><\/h3>\n<p>Grasa direccional con una efectiva lubricaci\u00f3n y protecci\u00f3n de bolas, rodillos expuestas a altas temperaturas.<\/p>\n<p><strong>Caracter\u00edsticas<\/strong><\/p>\n<ul>\n<li><strong>Sapphire Hi-Temp 2<\/strong> Resistente a altas temperaturas.<\/li>\n<li>Extiende los intervalos de lubricaci\u00f3n.<\/li>\n<li>Excelente protector corrosivo.<\/li>\n<\/ul>\n<p><a class=\"btn ft\"href=\"http:\/\/tecnimport.com.pe\/web\/wp-content\/uploads\/2019\/07\/datasheet.pdf\" target=\"_blank\" rel=\"noopener noreferrer\">Ficha T\u00e9cnica\u00a0<\/a><\/p>\n","protected":false},"featured_media":3985,"template":"","meta":[],"product_brand":[],"product_cat":[250],"product_tag":[],"class_list":{"0":"post-3982","1":"product","2":"type-product","3":"status-publish","4":"has-post-thumbnail","6":"product_cat-rocol-peru","8":"first","9":"instock","10":"shipping-taxable","11":"product-type-simple"},"yoast_head":"<!-- This site is optimized with the Yoast SEO plugin v26.9 - https:\/\/yoast.com\/product\/yoast-seo-wordpress\/ -->\n<title>Rocol Sapphire Hi-Temp 2 | Grasa Altas Temperaturas - TECNIMPORT S.A.<\/title>\n<meta name=\"robots\" content=\"index, follow, max-snippet:-1, max-image-preview:large, max-video-preview:-1\" \/>\n<link rel=\"canonical\" href=\"https:\/\/tecnimport.com.pe\/web\/productos\/rocol-peru\/sapphire-hi-temp-2-grasa-altas-temperaturas\/\" \/>\n<meta property=\"og:locale\" content=\"es_ES\" \/>\n<meta property=\"og:type\" content=\"article\" \/>\n<meta property=\"og:title\" content=\"Rocol Sapphire Hi-Temp 2 | Grasa Altas Temperaturas - TECNIMPORT S.A.\" \/>\n<meta property=\"og:description\" content=\"ROCOL SAPPIRE HI-TEMP 2 Grasa para Altas y Bajas Temperaturas Grasa direccional con una efectiva lubricaci\u00f3n y protecci\u00f3n de bolas, rodillos expuestas a altas temperaturas.  Caracter\u00edsticas   Sapphire Hi-Temp 2 Resistente a altas temperaturas.  Extiende los intervalos de lubricaci\u00f3n.  Excelente protector corrosivo.  Ficha T\u00e9cnica\u00a0\" \/>\n<meta property=\"og:url\" content=\"https:\/\/tecnimport.com.pe\/web\/productos\/rocol-peru\/sapphire-hi-temp-2-grasa-altas-temperaturas\/\" \/>\n<meta property=\"og:site_name\" content=\"TECNIMPORT S.A.\" \/>\n<meta property=\"article:modified_time\" content=\"2025-03-13T15:48:38+00:00\" \/>\n<meta property=\"og:image\" content=\"https:\/\/tecnimport.com.pe\/web\/wp-content\/uploads\/2019\/07\/Sapphire-Hi-Temp-2.gif\" \/>\n\t<meta property=\"og:image:width\" content=\"1000\" \/>\n\t<meta property=\"og:image:height\" content=\"1000\" \/>\n\t<meta property=\"og:image:type\" content=\"image\/gif\" \/>\n<meta name=\"twitter:card\" content=\"summary_large_image\" \/>\n<meta name=\"twitter:label1\" content=\"Precio\" \/>\n\t<meta name=\"twitter:data1\" content=\"\" \/>\n\t<meta name=\"twitter:label2\" content=\"Disponibilidad\" \/>\n\t<meta name=\"twitter:data2\" content=\"Disponible\" \/>\n<script type=\"application\/ld+json\" class=\"yoast-schema-graph\">{\"@context\":\"https:\/\/schema.org\",\"@graph\":[{\"@type\":\"WebPage\",\"@id\":\"https:\/\/tecnimport.com.pe\/web\/productos\/rocol-peru\/sapphire-hi-temp-2-grasa-altas-temperaturas\/\",\"url\":\"https:\/\/tecnimport.com.pe\/web\/productos\/rocol-peru\/sapphire-hi-temp-2-grasa-altas-temperaturas\/\",\"name\":\"Rocol Sapphire Hi-Temp 2 | Grasa Altas Temperaturas - TECNIMPORT S.A.\",\"isPartOf\":{\"@id\":\"https:\/\/tecnimport.com.pe\/web\/#website\"},\"primaryImageOfPage\":{\"@id\":\"https:\/\/tecnimport.com.pe\/web\/productos\/rocol-peru\/sapphire-hi-temp-2-grasa-altas-temperaturas\/#primaryimage\"},\"image\":{\"@id\":\"https:\/\/tecnimport.com.pe\/web\/productos\/rocol-peru\/sapphire-hi-temp-2-grasa-altas-temperaturas\/#primaryimage\"},\"thumbnailUrl\":\"https:\/\/tecnimport.com.pe\/web\/wp-content\/uploads\/2019\/07\/Sapphire-Hi-Temp-2.gif\",\"datePublished\":\"2019-07-08T17:42:06+00:00\",\"dateModified\":\"2025-03-13T15:48:38+00:00\",\"breadcrumb\":{\"@id\":\"https:\/\/tecnimport.com.pe\/web\/productos\/rocol-peru\/sapphire-hi-temp-2-grasa-altas-temperaturas\/#breadcrumb\"},\"inLanguage\":\"es\",\"potentialAction\":[{\"@type\":\"ReadAction\",\"target\":[\"https:\/\/tecnimport.com.pe\/web\/productos\/rocol-peru\/sapphire-hi-temp-2-grasa-altas-temperaturas\/\"]}]},{\"@type\":\"ImageObject\",\"inLanguage\":\"es\",\"@id\":\"https:\/\/tecnimport.com.pe\/web\/productos\/rocol-peru\/sapphire-hi-temp-2-grasa-altas-temperaturas\/#primaryimage\",\"url\":\"https:\/\/tecnimport.com.pe\/web\/wp-content\/uploads\/2019\/07\/Sapphire-Hi-Temp-2.gif\",\"contentUrl\":\"https:\/\/tecnimport.com.pe\/web\/wp-content\/uploads\/2019\/07\/Sapphire-Hi-Temp-2.gif\",\"width\":1000,\"height\":1000},{\"@type\":\"BreadcrumbList\",\"@id\":\"https:\/\/tecnimport.com.pe\/web\/productos\/rocol-peru\/sapphire-hi-temp-2-grasa-altas-temperaturas\/#breadcrumb\",\"itemListElement\":[{\"@type\":\"ListItem\",\"position\":1,\"name\":\"Portada\",\"item\":\"https:\/\/tecnimport.com.pe\/web\/\"},{\"@type\":\"ListItem\",\"position\":2,\"name\":\"Productos\",\"item\":\"https:\/\/tecnimport.com.pe\/web\/productos-navigation\/\"},{\"@type\":\"ListItem\",\"position\":3,\"name\":\"Rocol Sapphire Hi-Temp 2 | Grasa Altas Temperaturas\"}]},{\"@type\":\"WebSite\",\"@id\":\"https:\/\/tecnimport.com.pe\/web\/#website\",\"url\":\"https:\/\/tecnimport.com.pe\/web\/\",\"name\":\"TECNIMPORT S.A.\",\"description\":\"Representante de Devcon, LPS, Rocol y Procyon en el Per\u00fa\",\"publisher\":{\"@id\":\"https:\/\/tecnimport.com.pe\/web\/#organization\"},\"potentialAction\":[{\"@type\":\"SearchAction\",\"target\":{\"@type\":\"EntryPoint\",\"urlTemplate\":\"https:\/\/tecnimport.com.pe\/web\/?s={search_term_string}\"},\"query-input\":{\"@type\":\"PropertyValueSpecification\",\"valueRequired\":true,\"valueName\":\"search_term_string\"}}],\"inLanguage\":\"es\"},{\"@type\":\"Organization\",\"@id\":\"https:\/\/tecnimport.com.pe\/web\/#organization\",\"name\":\"Tecnimport S.A\",\"url\":\"https:\/\/tecnimport.com.pe\/web\/\",\"logo\":{\"@type\":\"ImageObject\",\"inLanguage\":\"es\",\"@id\":\"https:\/\/tecnimport.com.pe\/web\/#\/schema\/logo\/image\/\",\"url\":\"https:\/\/tecnimport.com.pe\/web\/wp-content\/uploads\/2020\/03\/logo_tecnimport.png\",\"contentUrl\":\"https:\/\/tecnimport.com.pe\/web\/wp-content\/uploads\/2020\/03\/logo_tecnimport.png\",\"width\":367,\"height\":49,\"caption\":\"Tecnimport S.A\"},\"image\":{\"@id\":\"https:\/\/tecnimport.com.pe\/web\/#\/schema\/logo\/image\/\"}}]}<\/script>\n<meta property=\"product:price:amount\" content=\"0.00\" \/>\n<meta property=\"product:price:currency\" content=\"USD\" \/>\n<meta property=\"og:availability\" content=\"instock\" \/>\n<meta property=\"product:availability\" content=\"instock\" \/>\n<meta property=\"product:condition\" content=\"new\" \/>\n<!-- \/ Yoast SEO plugin. -->","yoast_head_json":{"title":"Rocol Sapphire Hi-Temp 2 | Grasa Altas Temperaturas - TECNIMPORT S.A.","robots":{"index":"index","follow":"follow","max-snippet":"max-snippet:-1","max-image-preview":"max-image-preview:large","max-video-preview":"max-video-preview:-1"},"canonical":"https:\/\/tecnimport.com.pe\/web\/productos\/rocol-peru\/sapphire-hi-temp-2-grasa-altas-temperaturas\/","og_locale":"es_ES","og_type":"article","og_title":"Rocol Sapphire Hi-Temp 2 | Grasa Altas Temperaturas - TECNIMPORT S.A.","og_description":"ROCOL SAPPIRE HI-TEMP 2 Grasa para Altas y Bajas Temperaturas Grasa direccional con una efectiva lubricaci\u00f3n y protecci\u00f3n de bolas, rodillos expuestas a altas temperaturas.  Caracter\u00edsticas   Sapphire Hi-Temp 2 Resistente a altas temperaturas.  Extiende los intervalos de lubricaci\u00f3n.  Excelente protector corrosivo.  Ficha T\u00e9cnica\u00a0","og_url":"https:\/\/tecnimport.com.pe\/web\/productos\/rocol-peru\/sapphire-hi-temp-2-grasa-altas-temperaturas\/","og_site_name":"TECNIMPORT S.A.","article_modified_time":"2025-03-13T15:48:38+00:00","og_image":[{"width":1000,"height":1000,"url":"https:\/\/tecnimport.com.pe\/web\/wp-content\/uploads\/2019\/07\/Sapphire-Hi-Temp-2.gif","type":"image\/gif"}],"twitter_card":"summary_large_image","twitter_misc":{"Precio":"","Disponibilidad":"Disponible"},"schema":{"@context":"https:\/\/schema.org","@graph":[{"@type":"WebPage","@id":"https:\/\/tecnimport.com.pe\/web\/productos\/rocol-peru\/sapphire-hi-temp-2-grasa-altas-temperaturas\/","url":"https:\/\/tecnimport.com.pe\/web\/productos\/rocol-peru\/sapphire-hi-temp-2-grasa-altas-temperaturas\/","name":"Rocol Sapphire Hi-Temp 2 | Grasa Altas Temperaturas - TECNIMPORT S.A.","isPartOf":{"@id":"https:\/\/tecnimport.com.pe\/web\/#website"},"primaryImageOfPage":{"@id":"https:\/\/tecnimport.com.pe\/web\/productos\/rocol-peru\/sapphire-hi-temp-2-grasa-altas-temperaturas\/#primaryimage"},"image":{"@id":"https:\/\/tecnimport.com.pe\/web\/productos\/rocol-peru\/sapphire-hi-temp-2-grasa-altas-temperaturas\/#primaryimage"},"thumbnailUrl":"https:\/\/tecnimport.com.pe\/web\/wp-content\/uploads\/2019\/07\/Sapphire-Hi-Temp-2.gif","datePublished":"2019-07-08T17:42:06+00:00","dateModified":"2025-03-13T15:48:38+00:00","breadcrumb":{"@id":"https:\/\/tecnimport.com.pe\/web\/productos\/rocol-peru\/sapphire-hi-temp-2-grasa-altas-temperaturas\/#breadcrumb"},"inLanguage":"es","potentialAction":[{"@type":"ReadAction","target":["https:\/\/tecnimport.com.pe\/web\/productos\/rocol-peru\/sapphire-hi-temp-2-grasa-altas-temperaturas\/"]}]},{"@type":"ImageObject","inLanguage":"es","@id":"https:\/\/tecnimport.com.pe\/web\/productos\/rocol-peru\/sapphire-hi-temp-2-grasa-altas-temperaturas\/#primaryimage","url":"https:\/\/tecnimport.com.pe\/web\/wp-content\/uploads\/2019\/07\/Sapphire-Hi-Temp-2.gif","contentUrl":"https:\/\/tecnimport.com.pe\/web\/wp-content\/uploads\/2019\/07\/Sapphire-Hi-Temp-2.gif","width":1000,"height":1000},{"@type":"BreadcrumbList","@id":"https:\/\/tecnimport.com.pe\/web\/productos\/rocol-peru\/sapphire-hi-temp-2-grasa-altas-temperaturas\/#breadcrumb","itemListElement":[{"@type":"ListItem","position":1,"name":"Portada","item":"https:\/\/tecnimport.com.pe\/web\/"},{"@type":"ListItem","position":2,"name":"Productos","item":"https:\/\/tecnimport.com.pe\/web\/productos-navigation\/"},{"@type":"ListItem","position":3,"name":"Rocol Sapphire Hi-Temp 2 | Grasa Altas Temperaturas"}]},{"@type":"WebSite","@id":"https:\/\/tecnimport.com.pe\/web\/#website","url":"https:\/\/tecnimport.com.pe\/web\/","name":"TECNIMPORT S.A.","description":"Representante de Devcon, LPS, Rocol y Procyon en el Per\u00fa","publisher":{"@id":"https:\/\/tecnimport.com.pe\/web\/#organization"},"potentialAction":[{"@type":"SearchAction","target":{"@type":"EntryPoint","urlTemplate":"https:\/\/tecnimport.com.pe\/web\/?s={search_term_string}"},"query-input":{"@type":"PropertyValueSpecification","valueRequired":true,"valueName":"search_term_string"}}],"inLanguage":"es"},{"@type":"Organization","@id":"https:\/\/tecnimport.com.pe\/web\/#organization","name":"Tecnimport S.A","url":"https:\/\/tecnimport.com.pe\/web\/","logo":{"@type":"ImageObject","inLanguage":"es","@id":"https:\/\/tecnimport.com.pe\/web\/#\/schema\/logo\/image\/","url":"https:\/\/tecnimport.com.pe\/web\/wp-content\/uploads\/2020\/03\/logo_tecnimport.png","contentUrl":"https:\/\/tecnimport.com.pe\/web\/wp-content\/uploads\/2020\/03\/logo_tecnimport.png","width":367,"height":49,"caption":"Tecnimport S.A"},"image":{"@id":"https:\/\/tecnimport.com.pe\/web\/#\/schema\/logo\/image\/"}}]},"product_price_amount":"0.00","product_price_currency":"USD","og_availability":"instock","product_availability":"instock","product_condition":"new"},"_links":{"self":[{"href":"https:\/\/tecnimport.com.pe\/web\/wp-json\/wp\/v2\/product\/3982","targetHints":{"allow":["GET"]}}],"collection":[{"href":"https:\/\/tecnimport.com.pe\/web\/wp-json\/wp\/v2\/product"}],"about":[{"href":"https:\/\/tecnimport.com.pe\/web\/wp-json\/wp\/v2\/types\/product"}],"wp:featuredmedia":[{"embeddable":true,"href":"https:\/\/tecnimport.com.pe\/web\/wp-json\/wp\/v2\/media\/3985"}],"wp:attachment":[{"href":"https:\/\/tecnimport.com.pe\/web\/wp-json\/wp\/v2\/media?parent=3982"}],"wp:term":[{"taxonomy":"product_brand","embeddable":true,"href":"https:\/\/tecnimport.com.pe\/web\/wp-json\/wp\/v2\/product_brand?post=3982"},{"taxonomy":"product_cat","embeddable":true,"href":"https:\/\/tecnimport.com.pe\/web\/wp-json\/wp\/v2\/product_cat?post=3982"},{"taxonomy":"product_tag","embeddable":true,"href":"https:\/\/tecnimport.com.pe\/web\/wp-json\/wp\/v2\/product_tag?post=3982"}],"curies":[{"name":"wp","href":"https:\/\/api.w.org\/{rel}","templated":true}]}}