{"id":2822,"date":"2016-06-24T15:07:58","date_gmt":"2016-06-24T20:07:58","guid":{"rendered":"http:\/\/tecnimport.com.pe\/web\/?post_type=product&#038;p=2822"},"modified":"2025-07-10T14:51:31","modified_gmt":"2025-07-10T19:51:31","slug":"lps-strong-steel-sticks-barra-epoxica","status":"publish","type":"product","link":"https:\/\/tecnimport.com.pe\/web\/productos\/lps\/lps-strong-steel-sticks-barra-epoxica\/","title":{"rendered":"LPS STRONG STEEL STICKS BARRA EP\u00d3XICA"},"content":{"rendered":"<div class=\"wpb-content-wrapper\"><p>[vc_row][vc_column][vc_row_inner][vc_column_inner][vc_column_text woodmart_inline=\u00bbno\u00bb text_larger=\u00bbno\u00bb]<strong class=\"subtitulo_prod\">LPS STRONG STEEL STICKS BARRA EP\u00d3XICA<\/strong><\/p>\n<p><strong class=\"subtitulo_prod\">Presentaci\u00f3n &amp; Fichas<\/strong><\/p>\n<div class=\"table-container\">\n<table class=\"responsive-table\">\n<thead>\n<tr>\n<th style=\"text-align: center;\">N\u00ba de Parte<\/th>\n<th style=\"text-align: center;\">Capacidad<\/th>\n<th style=\"text-align: center;\">Envase<\/th>\n<th style=\"text-align: center;\"><i class=\"fas fa-download\"><\/i> TDS<\/th>\n<\/tr>\n<\/thead>\n<tbody>\n<tr>\n<td style=\"text-align: center;\">60159<\/td>\n<td style=\"text-align: center;\">4 wt oz \/ 114 g<\/td>\n<td style=\"text-align: center;\">Tubo<\/td>\n<td style=\"text-align: center;\"><a href=\"https:\/\/tecnimport.com.pe\/web\/wp-content\/uploads\/2024\/09\/StrongSteelSticks-RenewalComposite.pdf\" target=\"_blank\" rel=\"noopener\"><i class=\"fas fa-download\"><\/i><\/a><\/td>\n<\/tr>\n<\/tbody>\n<\/table>\n<\/div>\n<p>[\/vc_column_text][\/vc_column_inner][\/vc_row_inner][\/vc_column][\/vc_row][vc_row][vc_column width=\u00bb1\/3&#8243;][vc_column_text woodmart_inline=\u00bbno\u00bb text_larger=\u00bbno\u00bb]<strong class=\"subtitulo_prod\">Otras Caracter\u00edsticas<\/strong><\/p>\n<ul>\n<li>Barra amasable a mano, lista para usar, para reparaciones r\u00e1pidas de emergencia.<\/li>\n<li>Se mezcla en 1 minuto.<\/li>\n<li>Se endurece 15 minuto.<\/li>\n<li>Curado funcional en 60 minutos.<\/li>\n<li>Se endurece como el acero en 60 minutos.<\/li>\n<li>Se puede mecanizar, perforar, roscar y pintar en 60 minutos<\/li>\n<li>Tapona y sella fugas; no se oxida<\/li>\n<li>Parcha agujeros y grietas en tuber\u00edas, tambores y tanques<\/li>\n<li>Se puede utilizar para reparaciones submarinas<\/li>\n<li>Resistencia qu\u00edmica: alcoholes, soluciones salinas acuosas, bases, \u00e1cidos diluidos, \u00e9steres, halocarbonados, hidrocarburos, cetonas<\/li>\n<\/ul>\n<p>[\/vc_column_text][\/vc_column][vc_column width=\u00bb1\/3&#8243;][vc_column_text woodmart_inline=\u00bbno\u00bb text_larger=\u00bbno\u00bb]<strong class=\"subtitulo_prod\">Aplicaciones<\/strong><\/p>\n<ul>\n<li>Cer\u00e1mica<\/li>\n<li>Juntas moldeadas a medida<\/li>\n<li>Conducciones<\/li>\n<li>Equipos el\u00e9ctricos<\/li>\n<li>Maquinaria<\/li>\n<li>Fontaner\u00eda<\/li>\n<li>Submarino<\/li>\n<li>Veh\u00edculos<\/li>\n<\/ul>\n<p>[\/vc_column_text][\/vc_column][vc_column width=\u00bb1\/3&#8243;][vc_column_text woodmart_inline=\u00bbno\u00bb text_larger=\u00bbno\u00bb]<strong class=\"subtitulo_prod\">Aplicaci\u00f3n<\/strong>[\/vc_column_text][vc_single_image image=\u00bb6373&#8243; img_size=\u00bblarge\u00bb add_caption=\u00bbyes\u00bb alignment=\u00bbcenter\u00bb parallax_scroll=\u00bbno\u00bb woodmart_inline=\u00bbno\u00bb][\/vc_column][\/vc_row][vc_row][vc_column width=\u00bb1\/3&#8243;][vc_column_text woodmart_inline=\u00bbno\u00bb text_larger=\u00bbno\u00bb]<strong class=\"subtitulo_prod\">Marca &amp; Fabricante<\/strong><\/p>\n<table class=\"table\">\n<tbody>\n<tr>\n<td>Marca<\/td>\n<td><strong><a href=\"https:\/\/tecnimport.com.pe\/web\/lps-probrands-itw-peru\/\" target=\"_blank\" rel=\"noopener\">LPS<\/a><\/strong><\/td>\n<\/tr>\n<tr>\n<td>Fabricante<\/td>\n<td><strong><a href=\"https:\/\/www.itwprobrands.com\/product\/strong-steel-stics\" target=\"_blank\" rel=\"noopener\">ITW PROBRANDS<\/a><\/strong><\/td>\n<\/tr>\n<\/tbody>\n<\/table>\n<p>[\/vc_column_text][\/vc_column][vc_column width=\u00bb1\/3&#8243;][\/vc_column][vc_column width=\u00bb1\/3&#8243;][\/vc_column][\/vc_row][vc_row][\/vc_row][vc_column][vc_column_text woodmart_inline=\u00bbno\u00bb text_larger=\u00bbno\u00bb]<strong class=\"subtitulo_prod\">Propiedades<\/strong><\/p>\n<table class=\"table\">\n<tbody>\n<tr>\n<td>Aspecto \/ Estado f\u00edsico<\/td>\n<td>S\u00f3lido.<\/td>\n<\/tr>\n<tr>\n<td>Color<\/td>\n<td>Gris oscuro.<\/td>\n<\/tr>\n<tr>\n<td>Olor<\/td>\n<td>No disponible.<\/td>\n<\/tr>\n<tr>\n<td>Punto de inflamaci\u00f3n<\/td>\n<td>Vaso cerrado: no aplicable.<\/td>\n<\/tr>\n<tr>\n<td>Densidad<\/td>\n<td>18,86 lb\/gal<\/td>\n<\/tr>\n<tr>\n<td>Resistencia a la compresi\u00f3n<\/td>\n<td>8000 psi (55 MPa) (ASTM D695)<\/td>\n<\/tr>\n<tr>\n<td>Resistencia diel\u00e9ctrica<\/td>\n<td>300 voltios\/mil\u00e9sima de pulgada<\/td>\n<\/tr>\n<tr>\n<td>Resistencia el\u00e9ctrica<\/td>\n<td>30 000 megaohmios-cm<\/td>\n<\/tr>\n<tr>\n<td>Tiempo de curado completo<\/td>\n<td>24 horas a 75 \u00b0F (24 \u00b0C)<\/td>\n<\/tr>\n<tr>\n<td>Tiempo de endurecimiento<\/td>\n<td>60 minutos a 75 \u00b0F (24 \u00b0C)<\/td>\n<\/tr>\n<tr>\n<td>Dureza<\/td>\n<td>80 D (SHORE, ASTM D1706) con curado completo<\/td>\n<\/tr>\n<tr>\n<td>Resistencia a la tracci\u00f3n por cizallamiento en acero<\/td>\n<td>900 lb (6,2 MPa) en acero (1&#8243; x 1&#8243; x 1\/16&#8243;)<\/td>\n<\/tr>\n<tr>\n<td>Contracci\u00f3n<\/td>\n<td>&lt;1 %<\/td>\n<\/tr>\n<tr>\n<td>Rango de temperatura<\/td>\n<td>Continuo: -40 a 250 \u00b0F (-40 \u00b0F a 121 \u00b0C)<\/td>\n<\/tr>\n<tr>\n<td><\/td>\n<td>Intermitente: -40 a 300 \u00b0F (-40 \u00b0F a 149 \u00b0C)<\/td>\n<\/tr>\n<tr>\n<td>Tiempo de trabajo<\/td>\n<td>4 minutos a 75 \u00b0F (24 \u00b0C)<\/td>\n<\/tr>\n<\/tbody>\n<\/table>\n<p>[\/vc_column_text][\/vc_column]<\/p>\n<\/div>","protected":false},"excerpt":{"rendered":"<h2 class=\"h2_subtitulo\"><i>BARRA EP\u00d3XICA<\/i><\/h2>\n<p>LPS STRONG STEEL STICKS es una BARRA EP\u00d3XICA en forma de masilla adhesiva antioxidante y amasable a mano para reparar r\u00e1pidamente fugas, grietas o agujeros en metal, hormig\u00f3n, madera, fibra de vidrio y cer\u00e1mica.<\/p>\n","protected":false},"featured_media":6371,"template":"","meta":[],"product_brand":[],"product_cat":[205],"product_tag":[],"class_list":{"0":"post-2822","1":"product","2":"type-product","3":"status-publish","4":"has-post-thumbnail","6":"product_cat-lps","8":"first","9":"instock","10":"shipping-taxable","11":"purchasable","12":"product-type-simple"},"yoast_head":"<!-- This site is optimized with the Yoast SEO plugin v26.9 - https:\/\/yoast.com\/product\/yoast-seo-wordpress\/ -->\n<title>LPS STRONG STEEL STICKS BARRA EP\u00d3XICA - TECNIMPORT S.A.<\/title>\n<meta name=\"description\" content=\"LPS STRONG STEEL STICKS BARRA EP\u00d3XICA masilla adhesiva antioxidante repara fugas, grietas o agujeros en metal, hormig\u00f3n, madera, fibra de vidrio y cer\u00e1mica.\" \/>\n<meta name=\"robots\" content=\"index, follow, max-snippet:-1, max-image-preview:large, max-video-preview:-1\" \/>\n<link rel=\"canonical\" href=\"https:\/\/tecnimport.com.pe\/web\/productos\/lps\/lps-strong-steel-sticks-barra-epoxica\/\" \/>\n<meta property=\"og:locale\" content=\"es_ES\" \/>\n<meta property=\"og:type\" content=\"article\" \/>\n<meta property=\"og:title\" content=\"LPS STRONG STEEL STICKS BARRA EP\u00d3XICA - TECNIMPORT S.A.\" \/>\n<meta property=\"og:description\" content=\"LPS STRONG STEEL STICKS BARRA EP\u00d3XICA masilla adhesiva antioxidante repara fugas, grietas o agujeros en metal, hormig\u00f3n, madera, fibra de vidrio y cer\u00e1mica.\" \/>\n<meta property=\"og:url\" content=\"https:\/\/tecnimport.com.pe\/web\/productos\/lps\/lps-strong-steel-sticks-barra-epoxica\/\" \/>\n<meta property=\"og:site_name\" content=\"TECNIMPORT S.A.\" \/>\n<meta property=\"article:modified_time\" content=\"2025-07-10T19:51:31+00:00\" \/>\n<meta property=\"og:image\" content=\"https:\/\/tecnimport.com.pe\/web\/wp-content\/uploads\/2016\/06\/LPS-STRONG-STEEL-STICKS-TECNIMPORT-BARRA-MASILLA-EPOXICA-REPARACIONES-DE-EMEREGENCIA.gif\" \/>\n\t<meta property=\"og:image:width\" content=\"1000\" \/>\n\t<meta property=\"og:image:height\" content=\"1000\" \/>\n\t<meta property=\"og:image:type\" content=\"image\/gif\" \/>\n<meta name=\"twitter:card\" content=\"summary_large_image\" \/>\n<meta name=\"twitter:label1\" content=\"Precio\" \/>\n\t<meta name=\"twitter:data1\" content=\"&#036;1.00\" \/>\n\t<meta name=\"twitter:label2\" content=\"Disponibilidad\" \/>\n\t<meta name=\"twitter:data2\" content=\"Disponible\" \/>\n<script type=\"application\/ld+json\" class=\"yoast-schema-graph\">{\"@context\":\"https:\/\/schema.org\",\"@graph\":[{\"@type\":\"WebPage\",\"@id\":\"https:\/\/tecnimport.com.pe\/web\/productos\/lps\/lps-strong-steel-sticks-barra-epoxica\/\",\"url\":\"https:\/\/tecnimport.com.pe\/web\/productos\/lps\/lps-strong-steel-sticks-barra-epoxica\/\",\"name\":\"LPS STRONG STEEL STICKS BARRA EP\u00d3XICA - TECNIMPORT S.A.\",\"isPartOf\":{\"@id\":\"https:\/\/tecnimport.com.pe\/web\/#website\"},\"primaryImageOfPage\":{\"@id\":\"https:\/\/tecnimport.com.pe\/web\/productos\/lps\/lps-strong-steel-sticks-barra-epoxica\/#primaryimage\"},\"image\":{\"@id\":\"https:\/\/tecnimport.com.pe\/web\/productos\/lps\/lps-strong-steel-sticks-barra-epoxica\/#primaryimage\"},\"thumbnailUrl\":\"https:\/\/tecnimport.com.pe\/web\/wp-content\/uploads\/2016\/06\/LPS-STRONG-STEEL-STICKS-TECNIMPORT-BARRA-MASILLA-EPOXICA-REPARACIONES-DE-EMEREGENCIA.gif\",\"datePublished\":\"2016-06-24T20:07:58+00:00\",\"dateModified\":\"2025-07-10T19:51:31+00:00\",\"description\":\"LPS STRONG STEEL STICKS BARRA EP\u00d3XICA masilla adhesiva antioxidante repara fugas, grietas o agujeros en metal, hormig\u00f3n, madera, fibra de vidrio y cer\u00e1mica.\",\"breadcrumb\":{\"@id\":\"https:\/\/tecnimport.com.pe\/web\/productos\/lps\/lps-strong-steel-sticks-barra-epoxica\/#breadcrumb\"},\"inLanguage\":\"es\",\"potentialAction\":[{\"@type\":\"ReadAction\",\"target\":[\"https:\/\/tecnimport.com.pe\/web\/productos\/lps\/lps-strong-steel-sticks-barra-epoxica\/\"]}]},{\"@type\":\"ImageObject\",\"inLanguage\":\"es\",\"@id\":\"https:\/\/tecnimport.com.pe\/web\/productos\/lps\/lps-strong-steel-sticks-barra-epoxica\/#primaryimage\",\"url\":\"https:\/\/tecnimport.com.pe\/web\/wp-content\/uploads\/2016\/06\/LPS-STRONG-STEEL-STICKS-TECNIMPORT-BARRA-MASILLA-EPOXICA-REPARACIONES-DE-EMEREGENCIA.gif\",\"contentUrl\":\"https:\/\/tecnimport.com.pe\/web\/wp-content\/uploads\/2016\/06\/LPS-STRONG-STEEL-STICKS-TECNIMPORT-BARRA-MASILLA-EPOXICA-REPARACIONES-DE-EMEREGENCIA.gif\",\"width\":1000,\"height\":1000,\"caption\":\"LPS STRONG STEEL STICKS BARRA DE MASILLA EPOXICA REPARACIONES DE EMEREGENCIA\"},{\"@type\":\"BreadcrumbList\",\"@id\":\"https:\/\/tecnimport.com.pe\/web\/productos\/lps\/lps-strong-steel-sticks-barra-epoxica\/#breadcrumb\",\"itemListElement\":[{\"@type\":\"ListItem\",\"position\":1,\"name\":\"Portada\",\"item\":\"https:\/\/tecnimport.com.pe\/web\/\"},{\"@type\":\"ListItem\",\"position\":2,\"name\":\"Productos\",\"item\":\"https:\/\/tecnimport.com.pe\/web\/productos-navigation\/\"},{\"@type\":\"ListItem\",\"position\":3,\"name\":\"LPS STRONG STEEL STICKS BARRA EP\u00d3XICA\"}]},{\"@type\":\"WebSite\",\"@id\":\"https:\/\/tecnimport.com.pe\/web\/#website\",\"url\":\"https:\/\/tecnimport.com.pe\/web\/\",\"name\":\"TECNIMPORT S.A.\",\"description\":\"Representante de Devcon, LPS, Rocol y Procyon en el Per\u00fa\",\"publisher\":{\"@id\":\"https:\/\/tecnimport.com.pe\/web\/#organization\"},\"potentialAction\":[{\"@type\":\"SearchAction\",\"target\":{\"@type\":\"EntryPoint\",\"urlTemplate\":\"https:\/\/tecnimport.com.pe\/web\/?s={search_term_string}\"},\"query-input\":{\"@type\":\"PropertyValueSpecification\",\"valueRequired\":true,\"valueName\":\"search_term_string\"}}],\"inLanguage\":\"es\"},{\"@type\":\"Organization\",\"@id\":\"https:\/\/tecnimport.com.pe\/web\/#organization\",\"name\":\"Tecnimport S.A\",\"url\":\"https:\/\/tecnimport.com.pe\/web\/\",\"logo\":{\"@type\":\"ImageObject\",\"inLanguage\":\"es\",\"@id\":\"https:\/\/tecnimport.com.pe\/web\/#\/schema\/logo\/image\/\",\"url\":\"https:\/\/tecnimport.com.pe\/web\/wp-content\/uploads\/2020\/03\/logo_tecnimport.png\",\"contentUrl\":\"https:\/\/tecnimport.com.pe\/web\/wp-content\/uploads\/2020\/03\/logo_tecnimport.png\",\"width\":367,\"height\":49,\"caption\":\"Tecnimport S.A\"},\"image\":{\"@id\":\"https:\/\/tecnimport.com.pe\/web\/#\/schema\/logo\/image\/\"}}]}<\/script>\n<meta property=\"product:price:amount\" content=\"1.00\" \/>\n<meta property=\"product:price:currency\" content=\"USD\" \/>\n<meta property=\"og:availability\" content=\"instock\" \/>\n<meta property=\"product:availability\" content=\"instock\" \/>\n<meta property=\"product:retailer_item_id\" content=\"lps60159\" \/>\n<meta property=\"product:condition\" content=\"new\" \/>\n<!-- \/ Yoast SEO plugin. -->","yoast_head_json":{"title":"LPS STRONG STEEL STICKS BARRA EP\u00d3XICA - TECNIMPORT S.A.","description":"LPS STRONG STEEL STICKS BARRA EP\u00d3XICA masilla adhesiva antioxidante repara fugas, grietas o agujeros en metal, hormig\u00f3n, madera, fibra de vidrio y cer\u00e1mica.","robots":{"index":"index","follow":"follow","max-snippet":"max-snippet:-1","max-image-preview":"max-image-preview:large","max-video-preview":"max-video-preview:-1"},"canonical":"https:\/\/tecnimport.com.pe\/web\/productos\/lps\/lps-strong-steel-sticks-barra-epoxica\/","og_locale":"es_ES","og_type":"article","og_title":"LPS STRONG STEEL STICKS BARRA EP\u00d3XICA - TECNIMPORT S.A.","og_description":"LPS STRONG STEEL STICKS BARRA EP\u00d3XICA masilla adhesiva antioxidante repara fugas, grietas o agujeros en metal, hormig\u00f3n, madera, fibra de vidrio y cer\u00e1mica.","og_url":"https:\/\/tecnimport.com.pe\/web\/productos\/lps\/lps-strong-steel-sticks-barra-epoxica\/","og_site_name":"TECNIMPORT S.A.","article_modified_time":"2025-07-10T19:51:31+00:00","og_image":[{"width":1000,"height":1000,"url":"https:\/\/tecnimport.com.pe\/web\/wp-content\/uploads\/2016\/06\/LPS-STRONG-STEEL-STICKS-TECNIMPORT-BARRA-MASILLA-EPOXICA-REPARACIONES-DE-EMEREGENCIA.gif","type":"image\/gif"}],"twitter_card":"summary_large_image","twitter_misc":{"Precio":"&#36;1.00","Disponibilidad":"Disponible"},"schema":{"@context":"https:\/\/schema.org","@graph":[{"@type":"WebPage","@id":"https:\/\/tecnimport.com.pe\/web\/productos\/lps\/lps-strong-steel-sticks-barra-epoxica\/","url":"https:\/\/tecnimport.com.pe\/web\/productos\/lps\/lps-strong-steel-sticks-barra-epoxica\/","name":"LPS STRONG STEEL STICKS BARRA EP\u00d3XICA - TECNIMPORT S.A.","isPartOf":{"@id":"https:\/\/tecnimport.com.pe\/web\/#website"},"primaryImageOfPage":{"@id":"https:\/\/tecnimport.com.pe\/web\/productos\/lps\/lps-strong-steel-sticks-barra-epoxica\/#primaryimage"},"image":{"@id":"https:\/\/tecnimport.com.pe\/web\/productos\/lps\/lps-strong-steel-sticks-barra-epoxica\/#primaryimage"},"thumbnailUrl":"https:\/\/tecnimport.com.pe\/web\/wp-content\/uploads\/2016\/06\/LPS-STRONG-STEEL-STICKS-TECNIMPORT-BARRA-MASILLA-EPOXICA-REPARACIONES-DE-EMEREGENCIA.gif","datePublished":"2016-06-24T20:07:58+00:00","dateModified":"2025-07-10T19:51:31+00:00","description":"LPS STRONG STEEL STICKS BARRA EP\u00d3XICA masilla adhesiva antioxidante repara fugas, grietas o agujeros en metal, hormig\u00f3n, madera, fibra de vidrio y cer\u00e1mica.","breadcrumb":{"@id":"https:\/\/tecnimport.com.pe\/web\/productos\/lps\/lps-strong-steel-sticks-barra-epoxica\/#breadcrumb"},"inLanguage":"es","potentialAction":[{"@type":"ReadAction","target":["https:\/\/tecnimport.com.pe\/web\/productos\/lps\/lps-strong-steel-sticks-barra-epoxica\/"]}]},{"@type":"ImageObject","inLanguage":"es","@id":"https:\/\/tecnimport.com.pe\/web\/productos\/lps\/lps-strong-steel-sticks-barra-epoxica\/#primaryimage","url":"https:\/\/tecnimport.com.pe\/web\/wp-content\/uploads\/2016\/06\/LPS-STRONG-STEEL-STICKS-TECNIMPORT-BARRA-MASILLA-EPOXICA-REPARACIONES-DE-EMEREGENCIA.gif","contentUrl":"https:\/\/tecnimport.com.pe\/web\/wp-content\/uploads\/2016\/06\/LPS-STRONG-STEEL-STICKS-TECNIMPORT-BARRA-MASILLA-EPOXICA-REPARACIONES-DE-EMEREGENCIA.gif","width":1000,"height":1000,"caption":"LPS STRONG STEEL STICKS BARRA DE MASILLA EPOXICA REPARACIONES DE EMEREGENCIA"},{"@type":"BreadcrumbList","@id":"https:\/\/tecnimport.com.pe\/web\/productos\/lps\/lps-strong-steel-sticks-barra-epoxica\/#breadcrumb","itemListElement":[{"@type":"ListItem","position":1,"name":"Portada","item":"https:\/\/tecnimport.com.pe\/web\/"},{"@type":"ListItem","position":2,"name":"Productos","item":"https:\/\/tecnimport.com.pe\/web\/productos-navigation\/"},{"@type":"ListItem","position":3,"name":"LPS STRONG STEEL STICKS BARRA EP\u00d3XICA"}]},{"@type":"WebSite","@id":"https:\/\/tecnimport.com.pe\/web\/#website","url":"https:\/\/tecnimport.com.pe\/web\/","name":"TECNIMPORT S.A.","description":"Representante de Devcon, LPS, Rocol y Procyon en el Per\u00fa","publisher":{"@id":"https:\/\/tecnimport.com.pe\/web\/#organization"},"potentialAction":[{"@type":"SearchAction","target":{"@type":"EntryPoint","urlTemplate":"https:\/\/tecnimport.com.pe\/web\/?s={search_term_string}"},"query-input":{"@type":"PropertyValueSpecification","valueRequired":true,"valueName":"search_term_string"}}],"inLanguage":"es"},{"@type":"Organization","@id":"https:\/\/tecnimport.com.pe\/web\/#organization","name":"Tecnimport S.A","url":"https:\/\/tecnimport.com.pe\/web\/","logo":{"@type":"ImageObject","inLanguage":"es","@id":"https:\/\/tecnimport.com.pe\/web\/#\/schema\/logo\/image\/","url":"https:\/\/tecnimport.com.pe\/web\/wp-content\/uploads\/2020\/03\/logo_tecnimport.png","contentUrl":"https:\/\/tecnimport.com.pe\/web\/wp-content\/uploads\/2020\/03\/logo_tecnimport.png","width":367,"height":49,"caption":"Tecnimport S.A"},"image":{"@id":"https:\/\/tecnimport.com.pe\/web\/#\/schema\/logo\/image\/"}}]},"product_price_amount":"1.00","product_price_currency":"USD","og_availability":"instock","product_availability":"instock","product_retailer_item_id":"lps60159","product_condition":"new"},"_links":{"self":[{"href":"https:\/\/tecnimport.com.pe\/web\/wp-json\/wp\/v2\/product\/2822","targetHints":{"allow":["GET"]}}],"collection":[{"href":"https:\/\/tecnimport.com.pe\/web\/wp-json\/wp\/v2\/product"}],"about":[{"href":"https:\/\/tecnimport.com.pe\/web\/wp-json\/wp\/v2\/types\/product"}],"wp:featuredmedia":[{"embeddable":true,"href":"https:\/\/tecnimport.com.pe\/web\/wp-json\/wp\/v2\/media\/6371"}],"wp:attachment":[{"href":"https:\/\/tecnimport.com.pe\/web\/wp-json\/wp\/v2\/media?parent=2822"}],"wp:term":[{"taxonomy":"product_brand","embeddable":true,"href":"https:\/\/tecnimport.com.pe\/web\/wp-json\/wp\/v2\/product_brand?post=2822"},{"taxonomy":"product_cat","embeddable":true,"href":"https:\/\/tecnimport.com.pe\/web\/wp-json\/wp\/v2\/product_cat?post=2822"},{"taxonomy":"product_tag","embeddable":true,"href":"https:\/\/tecnimport.com.pe\/web\/wp-json\/wp\/v2\/product_tag?post=2822"}],"curies":[{"name":"wp","href":"https:\/\/api.w.org\/{rel}","templated":true}]}}