{"id":2341,"date":"2016-04-27T15:13:50","date_gmt":"2016-04-27T20:13:50","guid":{"rendered":"http:\/\/tecnimport.com.pe\/web\/?post_type=product&#038;p=2341"},"modified":"2025-05-27T17:08:47","modified_gmt":"2025-05-27T22:08:47","slug":"devcon-wear-guard-fine-load-11470-wearing-carga-fina","status":"publish","type":"product","link":"https:\/\/tecnimport.com.pe\/web\/productos\/devcon-productos\/wearing-compound\/devcon-wear-guard-fine-load-11470-wearing-carga-fina\/","title":{"rendered":"Devcon Wear Guard Fine Load 11470"},"content":{"rendered":"<div class=\"wpb-content-wrapper\"><p>[vc_row][vc_column][vc_row_inner][vc_column_inner][vc_column_text css=\u00bb\u00bb woodmart_inline=\u00bbno\u00bb text_larger=\u00bbno\u00bb]<\/p>\n<h3>Devcon Wear Guard Fine Load 11470 &#8211; Wearing Compound Carga Fina<\/h3>\n<h5><strong class=\"subtitulo_prod\">Presentaci\u00f3n &amp; Fichas<\/strong><\/h5>\n<div class=\"table-container\">\n<table class=\"responsive-table\">\n<thead>\n<tr>\n<th style=\"text-align: center;\">N\u00ba de Parte<\/th>\n<th style=\"text-align: center;\">Capacidad<\/th>\n<th style=\"text-align: center;\">Envase<\/th>\n<th style=\"text-align: center;\"><i class=\"fas fa-download\"><\/i> Ficha T\u00e9cnica<\/th>\n<\/tr>\n<\/thead>\n<tbody>\n<tr>\n<td style=\"text-align: center;\">11470<\/td>\n<td style=\"text-align: center;\">30 lb<\/td>\n<td style=\"text-align: center;\">Envase<\/td>\n<td style=\"text-align: center;\"><a href=\"https:\/\/tecnimport.com.pe\/web\/wp-content\/uploads\/2021\/02\/DEVCON-11470-WEAR-GUARD-FINE-LOAD-FT.pdf\" target=\"_blank\" rel=\"noopener\"><i class=\"fas fa-download\"><\/i>Descargar<\/a><\/td>\n<\/tr>\n<\/tbody>\n<\/table>\n<\/div>\n<p>[\/vc_column_text][\/vc_column_inner][\/vc_row_inner][\/vc_column][\/vc_row][vc_row][vc_column width=\u00bb1\/3&#8243;][vc_column_text css=\u00bb\u00bb woodmart_inline=\u00bbno\u00bb text_larger=\u00bbno\u00bb]<\/p>\n<h5><strong class=\"subtitulo_prod\">Caracter\u00edsticas<\/strong><\/h5>\n<ul>\n<li>Excelente para aplicaciones de part\u00edculas de polvo incluyendo bombas de lodos, lavadores, harneros y transportadores de tornillos sin fin.<\/li>\n<li>Aplicable con esp\u00e1tula para formar una superficie uniforme.<\/li>\n<li>Excepcional resistencia a una amplia gama de fluidos.<\/li>\n<li>Resiste \u00e1cidos, aceites y otros productos qu\u00edmicos.<\/li>\n<\/ul>\n<p>[\/vc_column_text][\/vc_column][vc_column width=\u00bb1\/3&#8243;][vc_column_text css=\u00bb\u00bb woodmart_inline=\u00bbno\u00bb text_larger=\u00bbno\u00bb]<\/p>\n<h5><strong class=\"subtitulo_prod\">Aplicaciones<\/strong><\/h5>\n<ul>\n<li>reparaci\u00f3n de depuradores<\/li>\n<li>Chutes<\/li>\n<li>Colectores de polvo y cenizas<\/li>\n<li>Codos de tuber\u00edas<\/li>\n<li>Pantallas y rampas<\/li>\n<li>Chipeadores<\/li>\n<li>Bins<\/li>\n<li>Tolvas<\/li>\n<li>Tanques<\/li>\n<li>Separadores<\/li>\n<li>Mesas Deister<\/li>\n<\/ul>\n<p>[\/vc_column_text][\/vc_column][vc_column width=\u00bb1\/3&#8243;][vc_column_text css=\u00bb\u00bb woodmart_inline=\u00bbno\u00bb text_larger=\u00bbno\u00bb]<\/p>\n<h5><strong class=\"subtitulo_prod\">Protege<\/strong><\/h5>\n<ul>\n<li>Extractores<\/li>\n<li>Lavaderos<\/li>\n<li>Ventiladores<\/li>\n<li>Chancadores<\/li>\n<li>Trituradores.<\/li>\n<\/ul>\n<p>[\/vc_column_text][\/vc_column][\/vc_row][vc_row][vc_column width=\u00bb1\/3&#8243;][vc_column_text css=\u00bb\u00bb woodmart_inline=\u00bbno\u00bb text_larger=\u00bbno\u00bb]<\/p>\n<h5><strong class=\"subtitulo_prod\">Marca &amp; Fabricante<\/strong><\/h5>\n<table class=\"table\">\n<tbody>\n<tr>\n<td>Marca<\/td>\n<td><strong><a href=\"https:\/\/tecnimport.com.pe\/web\/devcon-peru\/\" target=\"_blank\" rel=\"noopener\">DEVCON<\/a><\/strong><\/td>\n<\/tr>\n<tr>\n<td>Fabricante<\/td>\n<td><strong><a href=\"https:\/\/itwperformancepolymers.com\/products\/devcon\/wearing-compounds\/devcon-wear-guard-high-load\" target=\"_blank\" rel=\"noopener\">ITW Performance polymers<\/a><\/strong><\/td>\n<\/tr>\n<\/tbody>\n<\/table>\n<p>[\/vc_column_text][\/vc_column][vc_column width=\u00bb1\/3&#8243;][vc_column_text css=\u00bb\u00bb woodmart_inline=\u00bbno\u00bb text_larger=\u00bbno\u00bb]<\/p>\n<h5><strong class=\"subtitulo_prod\">Aplicaci\u00f3n<\/strong><\/h5>\n<p>[\/vc_column_text][vc_single_image image=\u00bb5932&#8243; img_size=\u00bblarge\u00bb add_caption=\u00bbyes\u00bb alignment=\u00bbcenter\u00bb parallax_scroll=\u00bbno\u00bb woodmart_inline=\u00bbno\u00bb][\/vc_column][vc_column width=\u00bb1\/3&#8243;][\/vc_column][\/vc_row][vc_row][\/vc_row][vc_column][vc_column_text css=\u00bb\u00bb woodmart_inline=\u00bbno\u00bb text_larger=\u00bbno\u00bb]<\/p>\n<h5><strong class=\"subtitulo_prod\">Propiedades de Curado 7 d\u00edas @ 24\u00b0C<\/strong><\/h5>\n<table class=\"table\">\n<thead><\/thead>\n<tbody>\n<tr>\n<td>Resistencia al Corte por Adhesi\u00f3n<\/td>\n<td>1,375 psi<\/td>\n<\/tr>\n<tr>\n<td>Coef. de Expansi\u00f3n T\u00e9rmica<\/td>\n<td>34 [(in.) \/ (in). x \u00baF)] x 10(-6)<\/td>\n<\/tr>\n<tr>\n<td>Color<\/td>\n<td>Gris<\/td>\n<\/tr>\n<tr>\n<td>Resistencia a la Compresi\u00f3n<\/td>\n<td>11,000 psi<\/td>\n<\/tr>\n<tr>\n<td>Cobertura \/ lb<\/td>\n<td>50 sq.in.\/lb.@ 1\/4\u201d<\/td>\n<\/tr>\n<tr>\n<td>Dureza de Curado<\/td>\n<td>87D<\/td>\n<\/tr>\n<tr>\n<td>Contracci\u00f3n Despu\u00e9s de Curado<\/td>\n<td>0.0006 in.\/in.<\/td>\n<\/tr>\n<tr>\n<td>Constante Diel\u00e9ctrica<\/td>\n<td>46<\/td>\n<\/tr>\n<tr>\n<td>Resistencia a la Flexi\u00f3n<\/td>\n<td>7.190 psi<\/td>\n<\/tr>\n<tr>\n<td>Tiempo de Curado<\/td>\n<td>16 hrs<\/td>\n<\/tr>\n<tr>\n<td>Curado Funcional<\/td>\n<td>6 &#8211; 8 hrs<\/td>\n<\/tr>\n<tr>\n<td>Raz\u00f3n de Mezcla por Volumen<\/td>\n<td>02:01<\/td>\n<\/tr>\n<tr>\n<td>Raz\u00f3n de Mezcla por Peso<\/td>\n<td>02:01<\/td>\n<\/tr>\n<tr>\n<td>Viscosidad de la Mezcla<\/td>\n<td>Masilla que no se escurre<\/td>\n<\/tr>\n<tr>\n<td>Vida \u00datil @ 75\u00baF (24\u00baC)<\/td>\n<td>30 min<\/td>\n<\/tr>\n<tr>\n<td>Tiempo de Recapa<\/td>\n<td>4 &#8211; 6 hrs<\/td>\n<\/tr>\n<tr>\n<td>S\u00f3lidos por Volumen<\/td>\n<td>100<\/td>\n<\/tr>\n<tr>\n<td>Gravedad Espec\u00edfica<\/td>\n<td>2.2 gm\/cc<\/td>\n<\/tr>\n<tr>\n<td>Volumen Espec\u00edfico<\/td>\n<td>12.4 in.(3)\/lb.<\/td>\n<\/tr>\n<tr>\n<td>Resistencia a la Temperatura<\/td>\n<td>H\u00famedo: 140\u00baF; Seco: 300\u00baF<\/td>\n<\/tr>\n<tr>\n<td>Resistencia a la Tracci\u00f3n<\/td>\n<td>4,300 psi<\/td>\n<\/tr>\n<\/tbody>\n<\/table>\n<p>[\/vc_column_text][\/vc_column]<\/p>\n<\/div>","protected":false},"excerpt":{"rendered":"<p><strong>Devcon Wear Guard Fine Load 11470 <\/strong>es una <strong>wearing compound carga fina<\/strong>, compuesto ep\u00f3xico de alta densidad con contenido de esferas de cer\u00e1mica microal\u00famina para proteger equipos que manejan part\u00edculas menores de 3 mm.<\/p>\n","protected":false},"featured_media":3717,"template":"","meta":[],"product_brand":[233],"product_cat":[206,221],"product_tag":[1246,1398,1270],"class_list":{"0":"post-2341","1":"product","2":"type-product","3":"status-publish","4":"has-post-thumbnail","6":"product_brand-devcon","7":"product_cat-devcon-productos","8":"product_cat-wearing-compound","9":"product_tag-anti-abrasivo","10":"product_tag-carga-fina","11":"product_tag-wearing-compound","13":"first","14":"instock","15":"shipping-taxable","16":"purchasable","17":"product-type-simple"},"yoast_head":"<!-- This site is optimized with the Yoast SEO plugin v26.9 - https:\/\/yoast.com\/product\/yoast-seo-wordpress\/ -->\n<title>Devcon Wear Guard Fine Load 11470 - Wearing Carga Fina<\/title>\n<meta name=\"description\" content=\"Devcon Wear Guard Fine Load 11470 es una wearing compound carga fina, de alta densidad para proteger equipos que manejan part\u00edculas menores de 3 mm.\" \/>\n<meta name=\"robots\" content=\"index, follow, max-snippet:-1, max-image-preview:large, max-video-preview:-1\" \/>\n<link rel=\"canonical\" href=\"https:\/\/tecnimport.com.pe\/web\/productos\/devcon-productos\/wearing-compound\/devcon-wear-guard-fine-load-11470-wearing-carga-fina\/\" \/>\n<meta property=\"og:locale\" content=\"es_ES\" \/>\n<meta property=\"og:type\" content=\"article\" \/>\n<meta property=\"og:title\" content=\"Devcon Wear Guard Fine Load 11470 - Wearing Carga Fina\" \/>\n<meta property=\"og:description\" content=\"Devcon Wear Guard Fine Load 11470 es una wearing compound carga fina, de alta densidad para proteger equipos que manejan part\u00edculas menores de 3 mm.\" \/>\n<meta property=\"og:url\" content=\"https:\/\/tecnimport.com.pe\/web\/productos\/devcon-productos\/wearing-compound\/devcon-wear-guard-fine-load-11470-wearing-carga-fina\/\" \/>\n<meta property=\"og:site_name\" content=\"TECNIMPORT S.A.\" \/>\n<meta property=\"article:modified_time\" content=\"2025-05-27T22:08:47+00:00\" \/>\n<meta property=\"og:image\" content=\"https:\/\/tecnimport.com.pe\/web\/wp-content\/uploads\/2016\/04\/DEVCON-11470-WEAR-GUARD-FINE-LOAD.gif\" \/>\n\t<meta property=\"og:image:width\" content=\"1000\" \/>\n\t<meta property=\"og:image:height\" content=\"1000\" \/>\n\t<meta property=\"og:image:type\" content=\"image\/gif\" \/>\n<meta name=\"twitter:card\" content=\"summary_large_image\" \/>\n<meta name=\"twitter:label1\" content=\"Precio\" \/>\n\t<meta name=\"twitter:data1\" content=\"&#036;1.00\" \/>\n\t<meta name=\"twitter:label2\" content=\"Disponibilidad\" \/>\n\t<meta name=\"twitter:data2\" content=\"Disponible\" \/>\n<script type=\"application\/ld+json\" class=\"yoast-schema-graph\">{\"@context\":\"https:\/\/schema.org\",\"@graph\":[{\"@type\":\"WebPage\",\"@id\":\"https:\/\/tecnimport.com.pe\/web\/productos\/devcon-productos\/wearing-compound\/devcon-wear-guard-fine-load-11470-wearing-carga-fina\/\",\"url\":\"https:\/\/tecnimport.com.pe\/web\/productos\/devcon-productos\/wearing-compound\/devcon-wear-guard-fine-load-11470-wearing-carga-fina\/\",\"name\":\"Devcon Wear Guard Fine Load 11470 - Wearing Carga Fina\",\"isPartOf\":{\"@id\":\"https:\/\/tecnimport.com.pe\/web\/#website\"},\"primaryImageOfPage\":{\"@id\":\"https:\/\/tecnimport.com.pe\/web\/productos\/devcon-productos\/wearing-compound\/devcon-wear-guard-fine-load-11470-wearing-carga-fina\/#primaryimage\"},\"image\":{\"@id\":\"https:\/\/tecnimport.com.pe\/web\/productos\/devcon-productos\/wearing-compound\/devcon-wear-guard-fine-load-11470-wearing-carga-fina\/#primaryimage\"},\"thumbnailUrl\":\"https:\/\/tecnimport.com.pe\/web\/wp-content\/uploads\/2016\/04\/DEVCON-11470-WEAR-GUARD-FINE-LOAD.gif\",\"datePublished\":\"2016-04-27T20:13:50+00:00\",\"dateModified\":\"2025-05-27T22:08:47+00:00\",\"description\":\"Devcon Wear Guard Fine Load 11470 es una wearing compound carga fina, de alta densidad para proteger equipos que manejan part\u00edculas menores de 3 mm.\",\"breadcrumb\":{\"@id\":\"https:\/\/tecnimport.com.pe\/web\/productos\/devcon-productos\/wearing-compound\/devcon-wear-guard-fine-load-11470-wearing-carga-fina\/#breadcrumb\"},\"inLanguage\":\"es\",\"potentialAction\":[{\"@type\":\"ReadAction\",\"target\":[\"https:\/\/tecnimport.com.pe\/web\/productos\/devcon-productos\/wearing-compound\/devcon-wear-guard-fine-load-11470-wearing-carga-fina\/\"]}]},{\"@type\":\"ImageObject\",\"inLanguage\":\"es\",\"@id\":\"https:\/\/tecnimport.com.pe\/web\/productos\/devcon-productos\/wearing-compound\/devcon-wear-guard-fine-load-11470-wearing-carga-fina\/#primaryimage\",\"url\":\"https:\/\/tecnimport.com.pe\/web\/wp-content\/uploads\/2016\/04\/DEVCON-11470-WEAR-GUARD-FINE-LOAD.gif\",\"contentUrl\":\"https:\/\/tecnimport.com.pe\/web\/wp-content\/uploads\/2016\/04\/DEVCON-11470-WEAR-GUARD-FINE-LOAD.gif\",\"width\":1000,\"height\":1000},{\"@type\":\"BreadcrumbList\",\"@id\":\"https:\/\/tecnimport.com.pe\/web\/productos\/devcon-productos\/wearing-compound\/devcon-wear-guard-fine-load-11470-wearing-carga-fina\/#breadcrumb\",\"itemListElement\":[{\"@type\":\"ListItem\",\"position\":1,\"name\":\"Portada\",\"item\":\"https:\/\/tecnimport.com.pe\/web\/\"},{\"@type\":\"ListItem\",\"position\":2,\"name\":\"Productos\",\"item\":\"https:\/\/tecnimport.com.pe\/web\/productos-navigation\/\"},{\"@type\":\"ListItem\",\"position\":3,\"name\":\"Devcon Wear Guard Fine Load 11470\"}]},{\"@type\":\"WebSite\",\"@id\":\"https:\/\/tecnimport.com.pe\/web\/#website\",\"url\":\"https:\/\/tecnimport.com.pe\/web\/\",\"name\":\"TECNIMPORT S.A.\",\"description\":\"Representante de Devcon, LPS, Rocol y Procyon en el Per\u00fa\",\"publisher\":{\"@id\":\"https:\/\/tecnimport.com.pe\/web\/#organization\"},\"potentialAction\":[{\"@type\":\"SearchAction\",\"target\":{\"@type\":\"EntryPoint\",\"urlTemplate\":\"https:\/\/tecnimport.com.pe\/web\/?s={search_term_string}\"},\"query-input\":{\"@type\":\"PropertyValueSpecification\",\"valueRequired\":true,\"valueName\":\"search_term_string\"}}],\"inLanguage\":\"es\"},{\"@type\":\"Organization\",\"@id\":\"https:\/\/tecnimport.com.pe\/web\/#organization\",\"name\":\"Tecnimport S.A\",\"url\":\"https:\/\/tecnimport.com.pe\/web\/\",\"logo\":{\"@type\":\"ImageObject\",\"inLanguage\":\"es\",\"@id\":\"https:\/\/tecnimport.com.pe\/web\/#\/schema\/logo\/image\/\",\"url\":\"https:\/\/tecnimport.com.pe\/web\/wp-content\/uploads\/2020\/03\/logo_tecnimport.png\",\"contentUrl\":\"https:\/\/tecnimport.com.pe\/web\/wp-content\/uploads\/2020\/03\/logo_tecnimport.png\",\"width\":367,\"height\":49,\"caption\":\"Tecnimport S.A\"},\"image\":{\"@id\":\"https:\/\/tecnimport.com.pe\/web\/#\/schema\/logo\/image\/\"}}]}<\/script>\n<meta property=\"product:price:amount\" content=\"1.00\" \/>\n<meta property=\"product:price:currency\" content=\"USD\" \/>\n<meta property=\"og:availability\" content=\"instock\" \/>\n<meta property=\"product:availability\" content=\"instock\" \/>\n<meta property=\"product:retailer_item_id\" content=\"11470\" \/>\n<meta property=\"product:condition\" content=\"new\" \/>\n<!-- \/ Yoast SEO plugin. -->","yoast_head_json":{"title":"Devcon Wear Guard Fine Load 11470 - Wearing Carga Fina","description":"Devcon Wear Guard Fine Load 11470 es una wearing compound carga fina, de alta densidad para proteger equipos que manejan part\u00edculas menores de 3 mm.","robots":{"index":"index","follow":"follow","max-snippet":"max-snippet:-1","max-image-preview":"max-image-preview:large","max-video-preview":"max-video-preview:-1"},"canonical":"https:\/\/tecnimport.com.pe\/web\/productos\/devcon-productos\/wearing-compound\/devcon-wear-guard-fine-load-11470-wearing-carga-fina\/","og_locale":"es_ES","og_type":"article","og_title":"Devcon Wear Guard Fine Load 11470 - Wearing Carga Fina","og_description":"Devcon Wear Guard Fine Load 11470 es una wearing compound carga fina, de alta densidad para proteger equipos que manejan part\u00edculas menores de 3 mm.","og_url":"https:\/\/tecnimport.com.pe\/web\/productos\/devcon-productos\/wearing-compound\/devcon-wear-guard-fine-load-11470-wearing-carga-fina\/","og_site_name":"TECNIMPORT S.A.","article_modified_time":"2025-05-27T22:08:47+00:00","og_image":[{"width":1000,"height":1000,"url":"https:\/\/tecnimport.com.pe\/web\/wp-content\/uploads\/2016\/04\/DEVCON-11470-WEAR-GUARD-FINE-LOAD.gif","type":"image\/gif"}],"twitter_card":"summary_large_image","twitter_misc":{"Precio":"&#36;1.00","Disponibilidad":"Disponible"},"schema":{"@context":"https:\/\/schema.org","@graph":[{"@type":"WebPage","@id":"https:\/\/tecnimport.com.pe\/web\/productos\/devcon-productos\/wearing-compound\/devcon-wear-guard-fine-load-11470-wearing-carga-fina\/","url":"https:\/\/tecnimport.com.pe\/web\/productos\/devcon-productos\/wearing-compound\/devcon-wear-guard-fine-load-11470-wearing-carga-fina\/","name":"Devcon Wear Guard Fine Load 11470 - Wearing Carga Fina","isPartOf":{"@id":"https:\/\/tecnimport.com.pe\/web\/#website"},"primaryImageOfPage":{"@id":"https:\/\/tecnimport.com.pe\/web\/productos\/devcon-productos\/wearing-compound\/devcon-wear-guard-fine-load-11470-wearing-carga-fina\/#primaryimage"},"image":{"@id":"https:\/\/tecnimport.com.pe\/web\/productos\/devcon-productos\/wearing-compound\/devcon-wear-guard-fine-load-11470-wearing-carga-fina\/#primaryimage"},"thumbnailUrl":"https:\/\/tecnimport.com.pe\/web\/wp-content\/uploads\/2016\/04\/DEVCON-11470-WEAR-GUARD-FINE-LOAD.gif","datePublished":"2016-04-27T20:13:50+00:00","dateModified":"2025-05-27T22:08:47+00:00","description":"Devcon Wear Guard Fine Load 11470 es una wearing compound carga fina, de alta densidad para proteger equipos que manejan part\u00edculas menores de 3 mm.","breadcrumb":{"@id":"https:\/\/tecnimport.com.pe\/web\/productos\/devcon-productos\/wearing-compound\/devcon-wear-guard-fine-load-11470-wearing-carga-fina\/#breadcrumb"},"inLanguage":"es","potentialAction":[{"@type":"ReadAction","target":["https:\/\/tecnimport.com.pe\/web\/productos\/devcon-productos\/wearing-compound\/devcon-wear-guard-fine-load-11470-wearing-carga-fina\/"]}]},{"@type":"ImageObject","inLanguage":"es","@id":"https:\/\/tecnimport.com.pe\/web\/productos\/devcon-productos\/wearing-compound\/devcon-wear-guard-fine-load-11470-wearing-carga-fina\/#primaryimage","url":"https:\/\/tecnimport.com.pe\/web\/wp-content\/uploads\/2016\/04\/DEVCON-11470-WEAR-GUARD-FINE-LOAD.gif","contentUrl":"https:\/\/tecnimport.com.pe\/web\/wp-content\/uploads\/2016\/04\/DEVCON-11470-WEAR-GUARD-FINE-LOAD.gif","width":1000,"height":1000},{"@type":"BreadcrumbList","@id":"https:\/\/tecnimport.com.pe\/web\/productos\/devcon-productos\/wearing-compound\/devcon-wear-guard-fine-load-11470-wearing-carga-fina\/#breadcrumb","itemListElement":[{"@type":"ListItem","position":1,"name":"Portada","item":"https:\/\/tecnimport.com.pe\/web\/"},{"@type":"ListItem","position":2,"name":"Productos","item":"https:\/\/tecnimport.com.pe\/web\/productos-navigation\/"},{"@type":"ListItem","position":3,"name":"Devcon Wear Guard Fine Load 11470"}]},{"@type":"WebSite","@id":"https:\/\/tecnimport.com.pe\/web\/#website","url":"https:\/\/tecnimport.com.pe\/web\/","name":"TECNIMPORT S.A.","description":"Representante de Devcon, LPS, Rocol y Procyon en el Per\u00fa","publisher":{"@id":"https:\/\/tecnimport.com.pe\/web\/#organization"},"potentialAction":[{"@type":"SearchAction","target":{"@type":"EntryPoint","urlTemplate":"https:\/\/tecnimport.com.pe\/web\/?s={search_term_string}"},"query-input":{"@type":"PropertyValueSpecification","valueRequired":true,"valueName":"search_term_string"}}],"inLanguage":"es"},{"@type":"Organization","@id":"https:\/\/tecnimport.com.pe\/web\/#organization","name":"Tecnimport S.A","url":"https:\/\/tecnimport.com.pe\/web\/","logo":{"@type":"ImageObject","inLanguage":"es","@id":"https:\/\/tecnimport.com.pe\/web\/#\/schema\/logo\/image\/","url":"https:\/\/tecnimport.com.pe\/web\/wp-content\/uploads\/2020\/03\/logo_tecnimport.png","contentUrl":"https:\/\/tecnimport.com.pe\/web\/wp-content\/uploads\/2020\/03\/logo_tecnimport.png","width":367,"height":49,"caption":"Tecnimport S.A"},"image":{"@id":"https:\/\/tecnimport.com.pe\/web\/#\/schema\/logo\/image\/"}}]},"product_price_amount":"1.00","product_price_currency":"USD","og_availability":"instock","product_availability":"instock","product_retailer_item_id":"11470","product_condition":"new"},"_links":{"self":[{"href":"https:\/\/tecnimport.com.pe\/web\/wp-json\/wp\/v2\/product\/2341","targetHints":{"allow":["GET"]}}],"collection":[{"href":"https:\/\/tecnimport.com.pe\/web\/wp-json\/wp\/v2\/product"}],"about":[{"href":"https:\/\/tecnimport.com.pe\/web\/wp-json\/wp\/v2\/types\/product"}],"wp:featuredmedia":[{"embeddable":true,"href":"https:\/\/tecnimport.com.pe\/web\/wp-json\/wp\/v2\/media\/3717"}],"wp:attachment":[{"href":"https:\/\/tecnimport.com.pe\/web\/wp-json\/wp\/v2\/media?parent=2341"}],"wp:term":[{"taxonomy":"product_brand","embeddable":true,"href":"https:\/\/tecnimport.com.pe\/web\/wp-json\/wp\/v2\/product_brand?post=2341"},{"taxonomy":"product_cat","embeddable":true,"href":"https:\/\/tecnimport.com.pe\/web\/wp-json\/wp\/v2\/product_cat?post=2341"},{"taxonomy":"product_tag","embeddable":true,"href":"https:\/\/tecnimport.com.pe\/web\/wp-json\/wp\/v2\/product_tag?post=2341"}],"curies":[{"name":"wp","href":"https:\/\/api.w.org\/{rel}","templated":true}]}}