{"id":2082,"date":"2016-04-21T01:07:25","date_gmt":"2016-04-21T06:07:25","guid":{"rendered":"http:\/\/tecnimport.com.pe\/web\/?post_type=product&#038;p=2082"},"modified":"2026-04-16T11:06:16","modified_gmt":"2026-04-16T16:06:16","slug":"lps-belt-dressing-lubricante-para-fajas-transportadoras","status":"publish","type":"product","link":"https:\/\/tecnimport.com.pe\/web\/productos\/lps\/lubricantes-grado-alimenticio-h1\/lps-belt-dressing-lubricante-para-fajas-transportadoras\/","title":{"rendered":"LPS\u00ae DETEX\u00ae Belt Dressing"},"content":{"rendered":"<div class=\"wpb-content-wrapper\"><p>[vc_row][vc_column][vc_row_inner][vc_column_inner][vc_column_text woodmart_inline=\u00bbno\u00bb text_larger=\u00bbno\u00bb]<strong class=\"subtitulo_prod\">LPS BELT DRESSING &#8211; LUBRICANTE PARA FAJAS TRANSPORTADORAS<\/strong><\/p>\n<p><strong class=\"subtitulo_prod\">Presentaci\u00f3n &amp; Fichas<\/strong><\/p>\n<div class=\"table-container\">\n<table class=\"responsive-table\">\n<thead>\n<tr>\n<th style=\"text-align: center;\">N\u00ba de Parte<\/th>\n<th style=\"text-align: center;\">Capacidad<\/th>\n<th style=\"text-align: center;\">Envase<\/th>\n<th style=\"text-align: center;\"><i class=\"fas fa-download\"><\/i> TDS<\/th>\n<\/tr>\n<\/thead>\n<tbody>\n<tr>\n<td style=\"text-align: center;\">02216<\/td>\n<td style=\"text-align: center;\">10 wt oz \/ 284 g \/ 433 mL<\/td>\n<td style=\"text-align: center;\">Aerosol<\/td>\n<td style=\"text-align: center;\"><a href=\"https:\/\/tecnimport.com.pe\/web\/wp-content\/uploads\/2024\/09\/LPSDETEXBeltDressing-.pdf\" target=\"_blank\" rel=\"noopener\"><i class=\"fas fa-download\"><\/i>Ficha T\u00e9cnica<\/a><\/td>\n<\/tr>\n<\/tbody>\n<\/table>\n<\/div>\n<p>[\/vc_column_text][\/vc_column_inner][\/vc_row_inner][\/vc_column][\/vc_row][vc_row][vc_column width=\u00bb1\/3&#8243;][vc_column_text woodmart_inline=\u00bbno\u00bb text_larger=\u00bbno\u00bb]<strong class=\"subtitulo_prod\">Otras Caracter\u00edsticas<\/strong><\/p>\n<ul>\n<li>Lubricante NSF H1 se puede utilizar en cualquier lugar de las instalaciones donde pueda producirse un contacto accidental con alimentos.<\/li>\n<li>Previene Y elimina el deslizamiento y los chirridos de la correa en todos los tipos de correas.<\/li>\n<li>Resiste lavados frecuentes, lo que extiende los ciclos de mantenimiento y reduce el tiempo de inactividad.<\/li>\n<li>No contiene disolventes clorados que deterioren las correas de transmisi\u00f3n.<\/li>\n<li>Se puede utilizar en interiores o en condiciones h\u00famedas o al aire libre.<\/li>\n<li>Embalaje detectable por rayos X y metales,<\/li>\n<li>Resiste el lavado con agua a trav\u00e9s de m\u00faltiples ciclos de lavado.<\/li>\n<li style=\"color: #862633;\"><a href=\"https:\/\/tecnimport.com.pe\/web\/wp-content\/uploads\/2024\/08\/LPS_DETEX_TECNIMPORT_GRADO_ALIMENTICIO_CATALOGO.pdf\" target=\"_blank\" rel=\"noopener\">Sistema patentado LPS DETEX.<\/a><\/li>\n<\/ul>\n<p>[\/vc_column_text][\/vc_column][vc_column width=\u00bb1\/3&#8243;][vc_column_text woodmart_inline=\u00bbno\u00bb text_larger=\u00bbno\u00bb]<strong class=\"subtitulo_prod\">Aplicaciones<\/strong><\/p>\n<ul>\n<li>Correas de transmisi\u00f3n para electrodom\u00e9sticos<\/li>\n<li>Bujes<\/li>\n<li>Correas planas<\/li>\n<li>Correas para pulido<\/li>\n<li>Correas redondas<\/li>\n<\/ul>\n<p>[\/vc_column_text][\/vc_column][vc_column width=\u00bb1\/3&#8243;][vc_column_text woodmart_inline=\u00bbno\u00bb text_larger=\u00bbno\u00bb]<strong class=\"subtitulo_prod\">Aplicaci\u00f3n<\/strong>[\/vc_column_text][vc_single_image image=\u00bb6316&#8243; img_size=\u00bblarge\u00bb add_caption=\u00bbyes\u00bb alignment=\u00bbcenter\u00bb parallax_scroll=\u00bbno\u00bb woodmart_inline=\u00bbno\u00bb][\/vc_column][\/vc_row][vc_row][vc_column width=\u00bb1\/3&#8243;][vc_column_text woodmart_inline=\u00bbno\u00bb text_larger=\u00bbno\u00bb]<strong class=\"subtitulo_prod\">Certificaciones &amp; Especificaciones<\/strong><\/p>\n<ul>\n<li style=\"color: #862633;\"><a href=\"https:\/\/info.nsf.org\/usda\/letters\/166055.pdf\" target=\"_blank\" rel=\"noopener\">Certificado NSF: H1 &#8211; Registro # 166055<br \/>\n<\/a><\/li>\n<li style=\"color: #862633;\"><a href=\"https:\/\/www.itwprobrands.com\/files\/product_specifications\/Halal-Product-Certificate___HP-_5543-_CH.pdf\" target=\"_blank\" rel=\"noopener\">Halal Product Certified #HP-5543-CH<br \/>\n<\/a><\/li>\n<li style=\"color: #862633;\"><a href=\"https:\/\/www.itwprobrands.com\/files\/product_specifications\/DETEX_Kosher_Certificate.pdf\" target=\"_blank\" rel=\"noopener\">Kosher Certified<br \/>\n<\/a><\/li>\n<li>Ford Motor Co.<\/li>\n<\/ul>\n<p>[\/vc_column_text][\/vc_column][vc_column width=\u00bb1\/3&#8243;][vc_column_text woodmart_inline=\u00bbno\u00bb text_larger=\u00bbno\u00bb]<strong class=\"subtitulo_prod\">Marca &amp; Fabricante<\/strong><\/p>\n<table class=\"table\">\n<tbody>\n<tr>\n<td>Marca<\/td>\n<td><strong><a href=\"https:\/\/tecnimport.com.pe\/web\/lps-probrands-itw-peru\/\" target=\"_blank\" rel=\"noopener\">LPS<\/a><\/strong><\/td>\n<\/tr>\n<tr>\n<td>Fabricante<\/td>\n<td><strong><a href=\"https:\/\/www.itwprobrands.com\/product\/belt-dressing\" target=\"_blank\" rel=\"noopener\">ITW PROBRANDS<\/a><\/strong><\/td>\n<\/tr>\n<\/tbody>\n<\/table>\n<p>[\/vc_column_text][\/vc_column][vc_column width=\u00bb1\/3&#8243;][\/vc_column][\/vc_row][vc_row][\/vc_row][vc_column][vc_column_text woodmart_inline=\u00bbno\u00bb text_larger=\u00bbno\u00bb]<strong class=\"subtitulo_prod\">Propiedades<\/strong><\/p>\n<table class=\"table\">\n<tbody>\n<tr>\n<td>Aspecto \/ Estado f\u00edsico<\/td>\n<td>Gas<\/td>\n<\/tr>\n<tr>\n<td>Color<\/td>\n<td>Transparente. Incoloro.<\/td>\n<\/tr>\n<tr>\n<td>Olor<\/td>\n<td>Similar a un hidrocarburo.<\/td>\n<\/tr>\n<tr>\n<td>Punto de fusi\u00f3n \/ congelaci\u00f3n<\/td>\n<td>No disponible.<\/td>\n<\/tr>\n<tr>\n<td>Punto \/ rango de ebullici\u00f3n<\/td>\n<td>195,8 \u00b0F (91 \u00b0C) (concentrado)<\/td>\n<\/tr>\n<tr>\n<td>Punto de inflamaci\u00f3n<\/td>\n<td>19,4 \u00b0F (-7,0 \u00b0C) Etiqueta Copa cerrada<\/td>\n<\/tr>\n<tr>\n<td>Tasa de evaporaci\u00f3n<\/td>\n<td>&gt; 1 BuAc<\/td>\n<\/tr>\n<tr>\n<td>Inflamabilidad<\/td>\n<td>Inferior: 0,6 %; superior: 7 %<\/td>\n<\/tr>\n<tr>\n<td>Presi\u00f3n de vapor<\/td>\n<td>No disponible.<\/td>\n<\/tr>\n<tr>\n<td>Coeficiente de partici\u00f3n<\/td>\n<td>No disponible.<\/td>\n<\/tr>\n<tr>\n<td>Densidad de vapor<\/td>\n<td>No disponible.<\/td>\n<\/tr>\n<tr>\n<td>Temperatura de autoignici\u00f3n<\/td>\n<td>No disponible.<\/td>\n<\/tr>\n<tr>\n<td>Viscosidad<\/td>\n<td>No disponible.<\/td>\n<\/tr>\n<tr>\n<td>Densidad<\/td>\n<td>5,74 lb\/gal<\/td>\n<\/tr>\n<tr>\n<td>Porcentaje de vol\u00e1tiles<\/td>\n<td>0.9<\/td>\n<\/tr>\n<tr>\n<td>Gravedad espec\u00edfica<\/td>\n<td>0,67 &#8211; 0,69 a 20 \u00b0C<\/td>\n<\/tr>\n<tr>\n<td>Contenido de COV<\/td>\n<td>0.9<\/td>\n<\/tr>\n<tr>\n<td>Propelente<\/td>\n<td>Propano\/butano<\/td>\n<\/tr>\n<\/tbody>\n<\/table>\n<p>[\/vc_column_text][\/vc_column]<\/p>\n<\/div>","protected":false},"excerpt":{"rendered":"<h2 class=\"h2_subtitulo\"><i>LPS BELT DRESSING H1 LUBRICANTE PARA FAJAS TRANSPORTADORA GRADO ALIMENTICIOS<\/i><\/h2>\n<p>LPS BELT DRESSING H1 es un LUBRICANTE PARA FAJAS TRANSPORTADORA con clasificaci\u00f3n NSF H1 grado alimenticio.<br \/>\nSe puede utilizar en cualquier lugar dentro de una instalaci\u00f3n de procesamiento de alimentos donde pueda ocurrir contacto incidental con alimentos.<br \/>\nSu pel\u00edcula pegajosa elimina el deslizamiento y los chirridos en todos los tipos de correas y extiende la vida \u00fatil de la correa, manteniendo operativos los sistemas de transmisi\u00f3n cr\u00edticos.<br \/>\nLa f\u00f3rmula avanzada no contiene solventes agresivos que puedan deteriorar las correas de transmisi\u00f3n y resiste lavados frecuentes, lo que extiende el tiempo entre ciclos de mantenimiento preventivo y reduce el costoso tiempo de inactividad cr\u00edtico.<\/p>\n","protected":false},"featured_media":6314,"template":"","meta":[],"product_brand":[232],"product_cat":[205,636,210],"product_tag":[1321,1320,1293,682,1311],"class_list":{"0":"post-2082","1":"product","2":"type-product","3":"status-publish","4":"has-post-thumbnail","6":"product_brand-lps","7":"product_cat-lps","8":"product_cat-lubricante-penetrante-aflojatodo","9":"product_cat-lubricantes-grado-alimenticio-h1","10":"product_tag-correas-y-poleas","11":"product_tag-fajas","12":"product_tag-grado-alimenticio","13":"product_tag-lubricante","14":"product_tag-trabajo-duro","16":"first","17":"instock","18":"shipping-taxable","19":"purchasable","20":"product-type-simple"},"yoast_head":"<!-- This site is optimized with the Yoast SEO plugin v26.9 - https:\/\/yoast.com\/product\/yoast-seo-wordpress\/ -->\n<title>LPS BELT DRESSING H1 LUBRICANTE PARA CORREAS<\/title>\n<meta name=\"description\" content=\"LPS BELT DRESSING es un LUBRICANTE PARA CORREAS TRANSPORTADORA con clasificaci\u00f3n NSF H1 grado alimenticio, pueda ocurrir contacto incidental con alimentos.\" \/>\n<meta name=\"robots\" content=\"index, follow, max-snippet:-1, max-image-preview:large, max-video-preview:-1\" \/>\n<link rel=\"canonical\" href=\"https:\/\/tecnimport.com.pe\/web\/productos\/lps\/lubricantes-grado-alimenticio-h1\/lps-belt-dressing-lubricante-para-fajas-transportadoras\/\" \/>\n<meta property=\"og:locale\" content=\"es_ES\" \/>\n<meta property=\"og:type\" content=\"article\" \/>\n<meta property=\"og:title\" content=\"LPS BELT DRESSING H1 LUBRICANTE PARA CORREAS\" \/>\n<meta property=\"og:description\" content=\"LPS BELT DRESSING es un LUBRICANTE PARA CORREAS TRANSPORTADORA con clasificaci\u00f3n NSF H1 grado alimenticio, pueda ocurrir contacto incidental con alimentos.\" \/>\n<meta property=\"og:url\" content=\"https:\/\/tecnimport.com.pe\/web\/productos\/lps\/lubricantes-grado-alimenticio-h1\/lps-belt-dressing-lubricante-para-fajas-transportadoras\/\" \/>\n<meta property=\"og:site_name\" content=\"TECNIMPORT S.A.\" \/>\n<meta property=\"article:modified_time\" content=\"2026-04-16T16:06:16+00:00\" \/>\n<meta property=\"og:image\" content=\"https:\/\/tecnimport.com.pe\/web\/wp-content\/uploads\/2016\/04\/LPS-BELT-DRESSING-LUBRICANTE-PARA-CORREAS-Y-FAJAS-TRANSPORTADORAS-GRADO-ALIMIENTICIO-TECNIMPORT2.gif\" \/>\n\t<meta property=\"og:image:width\" content=\"1000\" \/>\n\t<meta property=\"og:image:height\" content=\"1000\" \/>\n\t<meta property=\"og:image:type\" content=\"image\/gif\" \/>\n<meta name=\"twitter:card\" content=\"summary_large_image\" \/>\n<meta name=\"twitter:label1\" content=\"Precio\" \/>\n\t<meta name=\"twitter:data1\" content=\"&#036;1.00\" \/>\n\t<meta name=\"twitter:label2\" content=\"Disponibilidad\" \/>\n\t<meta name=\"twitter:data2\" content=\"Disponible\" \/>\n<script type=\"application\/ld+json\" class=\"yoast-schema-graph\">{\"@context\":\"https:\/\/schema.org\",\"@graph\":[{\"@type\":\"WebPage\",\"@id\":\"https:\/\/tecnimport.com.pe\/web\/productos\/lps\/lubricantes-grado-alimenticio-h1\/lps-belt-dressing-lubricante-para-fajas-transportadoras\/\",\"url\":\"https:\/\/tecnimport.com.pe\/web\/productos\/lps\/lubricantes-grado-alimenticio-h1\/lps-belt-dressing-lubricante-para-fajas-transportadoras\/\",\"name\":\"LPS BELT DRESSING H1 LUBRICANTE PARA CORREAS\",\"isPartOf\":{\"@id\":\"https:\/\/tecnimport.com.pe\/web\/#website\"},\"primaryImageOfPage\":{\"@id\":\"https:\/\/tecnimport.com.pe\/web\/productos\/lps\/lubricantes-grado-alimenticio-h1\/lps-belt-dressing-lubricante-para-fajas-transportadoras\/#primaryimage\"},\"image\":{\"@id\":\"https:\/\/tecnimport.com.pe\/web\/productos\/lps\/lubricantes-grado-alimenticio-h1\/lps-belt-dressing-lubricante-para-fajas-transportadoras\/#primaryimage\"},\"thumbnailUrl\":\"https:\/\/tecnimport.com.pe\/web\/wp-content\/uploads\/2016\/04\/LPS-BELT-DRESSING-LUBRICANTE-PARA-CORREAS-Y-FAJAS-TRANSPORTADORAS-GRADO-ALIMIENTICIO-TECNIMPORT2.gif\",\"datePublished\":\"2016-04-21T06:07:25+00:00\",\"dateModified\":\"2026-04-16T16:06:16+00:00\",\"description\":\"LPS BELT DRESSING es un LUBRICANTE PARA CORREAS TRANSPORTADORA con clasificaci\u00f3n NSF H1 grado alimenticio, pueda ocurrir contacto incidental con alimentos.\",\"breadcrumb\":{\"@id\":\"https:\/\/tecnimport.com.pe\/web\/productos\/lps\/lubricantes-grado-alimenticio-h1\/lps-belt-dressing-lubricante-para-fajas-transportadoras\/#breadcrumb\"},\"inLanguage\":\"es\",\"potentialAction\":[{\"@type\":\"ReadAction\",\"target\":[\"https:\/\/tecnimport.com.pe\/web\/productos\/lps\/lubricantes-grado-alimenticio-h1\/lps-belt-dressing-lubricante-para-fajas-transportadoras\/\"]}]},{\"@type\":\"ImageObject\",\"inLanguage\":\"es\",\"@id\":\"https:\/\/tecnimport.com.pe\/web\/productos\/lps\/lubricantes-grado-alimenticio-h1\/lps-belt-dressing-lubricante-para-fajas-transportadoras\/#primaryimage\",\"url\":\"https:\/\/tecnimport.com.pe\/web\/wp-content\/uploads\/2016\/04\/LPS-BELT-DRESSING-LUBRICANTE-PARA-CORREAS-Y-FAJAS-TRANSPORTADORAS-GRADO-ALIMIENTICIO-TECNIMPORT2.gif\",\"contentUrl\":\"https:\/\/tecnimport.com.pe\/web\/wp-content\/uploads\/2016\/04\/LPS-BELT-DRESSING-LUBRICANTE-PARA-CORREAS-Y-FAJAS-TRANSPORTADORAS-GRADO-ALIMIENTICIO-TECNIMPORT2.gif\",\"width\":1000,\"height\":1000,\"caption\":\"LPS BELT DRESSING LUBRICANTE PARA CORREAS Y FAJAS TRANSPORTADORAS GRADO ALIMIENTICIO\"},{\"@type\":\"BreadcrumbList\",\"@id\":\"https:\/\/tecnimport.com.pe\/web\/productos\/lps\/lubricantes-grado-alimenticio-h1\/lps-belt-dressing-lubricante-para-fajas-transportadoras\/#breadcrumb\",\"itemListElement\":[{\"@type\":\"ListItem\",\"position\":1,\"name\":\"Portada\",\"item\":\"https:\/\/tecnimport.com.pe\/web\/\"},{\"@type\":\"ListItem\",\"position\":2,\"name\":\"Productos\",\"item\":\"https:\/\/tecnimport.com.pe\/web\/productos-navigation\/\"},{\"@type\":\"ListItem\",\"position\":3,\"name\":\"LPS\u00ae DETEX\u00ae Belt Dressing\"}]},{\"@type\":\"WebSite\",\"@id\":\"https:\/\/tecnimport.com.pe\/web\/#website\",\"url\":\"https:\/\/tecnimport.com.pe\/web\/\",\"name\":\"TECNIMPORT S.A.\",\"description\":\"Representante de Devcon, LPS, Rocol y Procyon en el Per\u00fa\",\"publisher\":{\"@id\":\"https:\/\/tecnimport.com.pe\/web\/#organization\"},\"potentialAction\":[{\"@type\":\"SearchAction\",\"target\":{\"@type\":\"EntryPoint\",\"urlTemplate\":\"https:\/\/tecnimport.com.pe\/web\/?s={search_term_string}\"},\"query-input\":{\"@type\":\"PropertyValueSpecification\",\"valueRequired\":true,\"valueName\":\"search_term_string\"}}],\"inLanguage\":\"es\"},{\"@type\":\"Organization\",\"@id\":\"https:\/\/tecnimport.com.pe\/web\/#organization\",\"name\":\"Tecnimport S.A\",\"url\":\"https:\/\/tecnimport.com.pe\/web\/\",\"logo\":{\"@type\":\"ImageObject\",\"inLanguage\":\"es\",\"@id\":\"https:\/\/tecnimport.com.pe\/web\/#\/schema\/logo\/image\/\",\"url\":\"https:\/\/tecnimport.com.pe\/web\/wp-content\/uploads\/2020\/03\/logo_tecnimport.png\",\"contentUrl\":\"https:\/\/tecnimport.com.pe\/web\/wp-content\/uploads\/2020\/03\/logo_tecnimport.png\",\"width\":367,\"height\":49,\"caption\":\"Tecnimport S.A\"},\"image\":{\"@id\":\"https:\/\/tecnimport.com.pe\/web\/#\/schema\/logo\/image\/\"}}]}<\/script>\n<meta property=\"product:price:amount\" content=\"1.00\" \/>\n<meta property=\"product:price:currency\" content=\"USD\" \/>\n<meta property=\"og:availability\" content=\"instock\" \/>\n<meta property=\"product:availability\" content=\"instock\" \/>\n<meta property=\"product:retailer_item_id\" content=\"LPS02216\" \/>\n<meta property=\"product:condition\" content=\"new\" \/>\n<!-- \/ Yoast SEO plugin. -->","yoast_head_json":{"title":"LPS BELT DRESSING H1 LUBRICANTE PARA CORREAS","description":"LPS BELT DRESSING es un LUBRICANTE PARA CORREAS TRANSPORTADORA con clasificaci\u00f3n NSF H1 grado alimenticio, pueda ocurrir contacto incidental con alimentos.","robots":{"index":"index","follow":"follow","max-snippet":"max-snippet:-1","max-image-preview":"max-image-preview:large","max-video-preview":"max-video-preview:-1"},"canonical":"https:\/\/tecnimport.com.pe\/web\/productos\/lps\/lubricantes-grado-alimenticio-h1\/lps-belt-dressing-lubricante-para-fajas-transportadoras\/","og_locale":"es_ES","og_type":"article","og_title":"LPS BELT DRESSING H1 LUBRICANTE PARA CORREAS","og_description":"LPS BELT DRESSING es un LUBRICANTE PARA CORREAS TRANSPORTADORA con clasificaci\u00f3n NSF H1 grado alimenticio, pueda ocurrir contacto incidental con alimentos.","og_url":"https:\/\/tecnimport.com.pe\/web\/productos\/lps\/lubricantes-grado-alimenticio-h1\/lps-belt-dressing-lubricante-para-fajas-transportadoras\/","og_site_name":"TECNIMPORT S.A.","article_modified_time":"2026-04-16T16:06:16+00:00","og_image":[{"width":1000,"height":1000,"url":"https:\/\/tecnimport.com.pe\/web\/wp-content\/uploads\/2016\/04\/LPS-BELT-DRESSING-LUBRICANTE-PARA-CORREAS-Y-FAJAS-TRANSPORTADORAS-GRADO-ALIMIENTICIO-TECNIMPORT2.gif","type":"image\/gif"}],"twitter_card":"summary_large_image","twitter_misc":{"Precio":"&#36;1.00","Disponibilidad":"Disponible"},"schema":{"@context":"https:\/\/schema.org","@graph":[{"@type":"WebPage","@id":"https:\/\/tecnimport.com.pe\/web\/productos\/lps\/lubricantes-grado-alimenticio-h1\/lps-belt-dressing-lubricante-para-fajas-transportadoras\/","url":"https:\/\/tecnimport.com.pe\/web\/productos\/lps\/lubricantes-grado-alimenticio-h1\/lps-belt-dressing-lubricante-para-fajas-transportadoras\/","name":"LPS BELT DRESSING H1 LUBRICANTE PARA CORREAS","isPartOf":{"@id":"https:\/\/tecnimport.com.pe\/web\/#website"},"primaryImageOfPage":{"@id":"https:\/\/tecnimport.com.pe\/web\/productos\/lps\/lubricantes-grado-alimenticio-h1\/lps-belt-dressing-lubricante-para-fajas-transportadoras\/#primaryimage"},"image":{"@id":"https:\/\/tecnimport.com.pe\/web\/productos\/lps\/lubricantes-grado-alimenticio-h1\/lps-belt-dressing-lubricante-para-fajas-transportadoras\/#primaryimage"},"thumbnailUrl":"https:\/\/tecnimport.com.pe\/web\/wp-content\/uploads\/2016\/04\/LPS-BELT-DRESSING-LUBRICANTE-PARA-CORREAS-Y-FAJAS-TRANSPORTADORAS-GRADO-ALIMIENTICIO-TECNIMPORT2.gif","datePublished":"2016-04-21T06:07:25+00:00","dateModified":"2026-04-16T16:06:16+00:00","description":"LPS BELT DRESSING es un LUBRICANTE PARA CORREAS TRANSPORTADORA con clasificaci\u00f3n NSF H1 grado alimenticio, pueda ocurrir contacto incidental con alimentos.","breadcrumb":{"@id":"https:\/\/tecnimport.com.pe\/web\/productos\/lps\/lubricantes-grado-alimenticio-h1\/lps-belt-dressing-lubricante-para-fajas-transportadoras\/#breadcrumb"},"inLanguage":"es","potentialAction":[{"@type":"ReadAction","target":["https:\/\/tecnimport.com.pe\/web\/productos\/lps\/lubricantes-grado-alimenticio-h1\/lps-belt-dressing-lubricante-para-fajas-transportadoras\/"]}]},{"@type":"ImageObject","inLanguage":"es","@id":"https:\/\/tecnimport.com.pe\/web\/productos\/lps\/lubricantes-grado-alimenticio-h1\/lps-belt-dressing-lubricante-para-fajas-transportadoras\/#primaryimage","url":"https:\/\/tecnimport.com.pe\/web\/wp-content\/uploads\/2016\/04\/LPS-BELT-DRESSING-LUBRICANTE-PARA-CORREAS-Y-FAJAS-TRANSPORTADORAS-GRADO-ALIMIENTICIO-TECNIMPORT2.gif","contentUrl":"https:\/\/tecnimport.com.pe\/web\/wp-content\/uploads\/2016\/04\/LPS-BELT-DRESSING-LUBRICANTE-PARA-CORREAS-Y-FAJAS-TRANSPORTADORAS-GRADO-ALIMIENTICIO-TECNIMPORT2.gif","width":1000,"height":1000,"caption":"LPS BELT DRESSING LUBRICANTE PARA CORREAS Y FAJAS TRANSPORTADORAS GRADO ALIMIENTICIO"},{"@type":"BreadcrumbList","@id":"https:\/\/tecnimport.com.pe\/web\/productos\/lps\/lubricantes-grado-alimenticio-h1\/lps-belt-dressing-lubricante-para-fajas-transportadoras\/#breadcrumb","itemListElement":[{"@type":"ListItem","position":1,"name":"Portada","item":"https:\/\/tecnimport.com.pe\/web\/"},{"@type":"ListItem","position":2,"name":"Productos","item":"https:\/\/tecnimport.com.pe\/web\/productos-navigation\/"},{"@type":"ListItem","position":3,"name":"LPS\u00ae DETEX\u00ae Belt Dressing"}]},{"@type":"WebSite","@id":"https:\/\/tecnimport.com.pe\/web\/#website","url":"https:\/\/tecnimport.com.pe\/web\/","name":"TECNIMPORT S.A.","description":"Representante de Devcon, LPS, Rocol y Procyon en el Per\u00fa","publisher":{"@id":"https:\/\/tecnimport.com.pe\/web\/#organization"},"potentialAction":[{"@type":"SearchAction","target":{"@type":"EntryPoint","urlTemplate":"https:\/\/tecnimport.com.pe\/web\/?s={search_term_string}"},"query-input":{"@type":"PropertyValueSpecification","valueRequired":true,"valueName":"search_term_string"}}],"inLanguage":"es"},{"@type":"Organization","@id":"https:\/\/tecnimport.com.pe\/web\/#organization","name":"Tecnimport S.A","url":"https:\/\/tecnimport.com.pe\/web\/","logo":{"@type":"ImageObject","inLanguage":"es","@id":"https:\/\/tecnimport.com.pe\/web\/#\/schema\/logo\/image\/","url":"https:\/\/tecnimport.com.pe\/web\/wp-content\/uploads\/2020\/03\/logo_tecnimport.png","contentUrl":"https:\/\/tecnimport.com.pe\/web\/wp-content\/uploads\/2020\/03\/logo_tecnimport.png","width":367,"height":49,"caption":"Tecnimport S.A"},"image":{"@id":"https:\/\/tecnimport.com.pe\/web\/#\/schema\/logo\/image\/"}}]},"product_price_amount":"1.00","product_price_currency":"USD","og_availability":"instock","product_availability":"instock","product_retailer_item_id":"LPS02216","product_condition":"new"},"_links":{"self":[{"href":"https:\/\/tecnimport.com.pe\/web\/wp-json\/wp\/v2\/product\/2082","targetHints":{"allow":["GET"]}}],"collection":[{"href":"https:\/\/tecnimport.com.pe\/web\/wp-json\/wp\/v2\/product"}],"about":[{"href":"https:\/\/tecnimport.com.pe\/web\/wp-json\/wp\/v2\/types\/product"}],"wp:featuredmedia":[{"embeddable":true,"href":"https:\/\/tecnimport.com.pe\/web\/wp-json\/wp\/v2\/media\/6314"}],"wp:attachment":[{"href":"https:\/\/tecnimport.com.pe\/web\/wp-json\/wp\/v2\/media?parent=2082"}],"wp:term":[{"taxonomy":"product_brand","embeddable":true,"href":"https:\/\/tecnimport.com.pe\/web\/wp-json\/wp\/v2\/product_brand?post=2082"},{"taxonomy":"product_cat","embeddable":true,"href":"https:\/\/tecnimport.com.pe\/web\/wp-json\/wp\/v2\/product_cat?post=2082"},{"taxonomy":"product_tag","embeddable":true,"href":"https:\/\/tecnimport.com.pe\/web\/wp-json\/wp\/v2\/product_tag?post=2082"}],"curies":[{"name":"wp","href":"https:\/\/api.w.org\/{rel}","templated":true}]}}